f**3 + 903*f**2 + 265*f + 3003. What is s(-75)?
3
Let j(u) = 77714*u - 854849. Calculate j(11).
5
Let o(x) = 172*x**2 + 67*x + 209. Determine o(-3).
1556
Let u(d) = 5*d**3 - 550*d**2 - 7320*d - 7. Determine u(122).
-7
Let v(o) = 3611*o + 155333. Give v(-43).
60
Let z(w) = -1443*w - 172947. What is z(-120)?
213
Let v(t) = 853392*t - 20481404. Give v(24).
4
Let k(j) = -5*j**2 + 16*j + 89. What is k(-11)?
-692
Let y(t) = 161*t - 109076. Calculate y(677).
-79
Let t(m) = m**2 + 733*m + 36445. What is t(-52)?
1033
Let z(p) = 8*p**3 - 286*p**2 - 72*p + 46. What is z(36)?
46
Let l(v) = -4164*v - 1262054. Calculate l(-303).
-362
Let a(z) = -6407*z**2 + 34*z + 32. Determine a(-1).
-6409
Let s(j) = -3*j**3 - 485*j**2 + 172*j + 381. Calculate s(-162).
-1239
Let q(g) = -261*g + 4530. Give q(21).
-951
Let k(o) = -6*o**2 - 45397*o + 363513. Determine k(8).
-47
Let q(p) = -66*p**3 - 662*p**2 - 28*p - 31. Calculate q(-10).
49
Let g(i) = -82*i - 769. What is g(-19)?
789
Let w(g) = -19*g**2 - 228893*g + 228905. Determine w(1).
-7
Let z(m) = -9574*m - 603121. Give z(-63).
41
Let d(z) = 90108*z**2 + 360433*z + 6. What is d(-4)?
2
Let p(t) = -5*t**2 - 123*t - 377. What is p(-7)?
239
Let a(j) = j**3 - 31*j**2 + 35*j - 3314. Calculate a(33).
19
Let m(n) = -n**2 + 130454*n + 2087579. Determine m(-16).
59
Let j(r) = 410932*r - 4931175. Determine j(12).
9
Let d(m) = m**2 + 686*m + 6781. Calculate d(-10).
21
Let w(v) = -v**3 - 115*v**2 + 1797*v - 1200. Determine w(-129).
-39
Let j(w) = -w**3 - 62*w**2 - 225*w + 402. Give j(-58).
-4
Let i(v) = 4*v**3 + 5*v**2 + 51*v - 252. Determine i(-9).
-3222
Let b(m) = -2350*m + 42191. Give b(18).
-109
Let l(j) = -j**3 + 327*j**2 - 7491*j - 1515. Calculate l(25).
-40
Let h(c) = 5*c**2 + 31*c - 1201. Determine h(-27).
1607
Let n(k) = -14622*k + 43910. Determine n(3).
44
Let q(f) = 2*f**3 + 80*f**2 + 310*f + 826. What is q(-36)?
34
Let f(w) = -188*w**2 - 149*w + 311. Determine f(2).
-739
Let z(t) = t**3 - 2564*t**2 + 17768*t + 334981. What is z(2557)?
14
Let c(s) = -s**3 - 24*s**2 - 33*s - 241. Determine c(-21).
-871
Let b(a) = 106*a**3 - 4780*a**2 + 14345*a + 5. What is b(3)?
2882
Let y(f) = 10*f**2 - 4362*f - 91210. What is y(-20)?
30
Let m(n) = -7*n**2 - 104*n + 90. What is m(-24)?
-1446
Let m(c) = -c**2 + 127*c - 852. Give m(129).
-1110
Let n(w) = -3414*w + 283370. Calculate n(83).
8
Let k(i) = i**2 - 35620*i + 4613700. What is k(130)?
0
Let a(f) = -28*f**2 + 1097*f + 78. Give a(41).
-2013
Let m(p) = -14*p**2 + 6180*p - 48563. Calculate m(8).
-19
Let s(i) = -422192*i - 422192. Determine s(-1).
0
Let w(y) = -2*y**2 - 2815*y + 330596. Determine w(109).
-1
Let x(r) = 228674*r - 7088910. Calculate x(31).
-16
Let l(g) = -138*g - 1178. Give l(-3).
-764
Let c(j) = 238252*j**2 + 238235*j - 20. Determine c(-1).
-3
Let l(o) = -3346*o - 46840. Calculate l(-14).
4
Let g(s) = s**2 - 1645*s + 11403. Give g(7).
-63
Let r(n) = -612916*n - 1225832. What is r(-2)?
0
Let t(q) = 2123*q - 137989. Give t(65).
6
Let r(w) = 72*w + 5519. Determine r(-63).
983
Let y(a) = -6578*a**2 + 335480*a - 105. Calculate y(51).
-3
Let o(j) = 696*j - 49993. Calculate o(73).
815
Let p(b) = -138*b**2 - 1728*b + 17. Determine p(-13).
-841
Let c(p) = 303*p**2 + 3297*p - 454. Give c(-11).
-58
Let d(y) = 3*y**3 + 31*y**2 + 34*y + 252. What is d(-10)?
12
Let o(g) = g**2 - 169*g + 596. What is o(159)?
-994
Let f(l) = -5*l**3 - 3*l**2 + 432*l - 1285. Determine f(3).
-151
Let r(j) = -90871*j + 6360989. Determine r(70).
19
Let p(v) = -2*v**2 + 84*v - 1287. Give p(20).
-407
Let u(v) = -v**3 + 64*v**2 + 58*v + 461. Calculate u(65).
6
Let v(c) = -11*c**3 - 6*c**2 + 18*c + 51. Calculate v(-2).
79
Let v(i) = -i**3 - i**2 - 166*i + 18375. Calculate v(24).
-9
Let m(y) = -306*y + 669. Calculate m(5).
-861
Let p(x) = -11963*x + 514625. Give p(43).
216
Let q(i) = i**3 + 1065*i**2 + 227625*i + 345. Determine q(-296).
49
Let l(h) = -h**2 + 599*h + 10464. What is l(-17)?
-8
Let c(d) = 553*d**2 - 384*d - 941. Give c(-1).
-4
Let i(x) = -1699*x - 12174. What is i(-7)?
-281
Let v(n) = 579*n - 882. Calculate v(1).
-303
Let z(l) = 66*l**2 - 1176*l - 219. Give z(18).
-3
Let f(p) = 185657*p - 371318. Determine f(2).
-4
Let i(m) = 4*m**2 + 47515*m - 190041. Determine i(4).
83
Let y(d) = -52*d**2 + 3500*d - 10039. Give y(3).
-7
Let h(u) = 2*u**2 - 995*u - 8188. What is h(-8)?
-100
Let f(a) = -19*a - 713. Determine f(-81).
826
Let m(f) = 4*f**3 - 5*f**2 + 140*f + 891. Determine m(-4).
-5
Let a(h) = 425*h**2 - 3050*h + 11. Determine a(7).
-514
Let z(n) = -4*n**3 + 49*n**2 + 19*n - 432. Calculate z(11).
382
Let z(m) = 5386*m + 700150. Determine z(-130).
-30
Let n(h) = -2*h**3 - 82*h**2 + 515*h + 2535. Give n(-46).
5
Let f(c) = -1242*c + 7438. Give f(6).
-14
Let w(m) = 3*m**3 - 162*m**2 - 133*m - 1807. What is w(55)?
-47
Let g(m) = 6*m**2 + 2126*m + 25635. Determine g(-12).
987
Let f(k) = -3326*k - 159364. What is f(-48)?
284
Let u(m) = 6*m**3 + 174*m**2 + 4*m + 153. Calculate u(-29).
37
Let s(g) = g**3 - 45*g**2 - 127*g - 648. Calculate s(48).
168
Let q(r) = 33*r**2 + 551*r - 2198. Determine q(4).
534
Let c(w) = 347171*w - 3471711. Calculate c(10).
-1
Let a(o) = 184*o + 38463. Give a(-209).
7
Let y(o) = -491*o**3 - 427*o**2 + 6*o + 3. Calculate y(-1).
61
Let m(s) = s**2 - 25234*s - 2558846. Give m(-101).
-11
Let r(i) = i**2 + 374*i - 1550. Determine r(4).
-38
Let h(c) = 4*c**2 + 155*c + 1234. Determine h(-12).
-50
Let j(o) = -312282*o + 1249143. Give j(4).
15
Let f(c) = -c**2 + 13*c + 3133. What is f(-44)?
625
Let c(l) = -3372*l - 144997. What is c(-43)?
-1
Let b(z) = 48*z - 366. Calculate b(4).
-174
Let c(z) = -1899*z + 7410. Determine c(4).
-186
Let y(t) = -t**3 + 27*t**2 + 2*t - 1126. What is y(25)?
174
Let q(u) = -u**3 + 56*u**2 - 437*u - 8109. Calculate q(40).
11
Let h(w) = -13*w**2 + 1493*w - 41862. Determine h(66).
48
Let i(w) = -84*w**3 - 3*w**2 + 617*w + 621. What is i(-1)?
85
Let z(p) = 529*p**2 + 5820*p - 52. Give z(-11).
-63
Let o(c) = -4*c**2 + 222*c - 296. Give o(8).
1224
Let p(q) = -21*q**2 + 217*q - 886. What is p(4)?
-354
Let j(m) = 9724*m - 106690. Determine j(11).
274
Let p(b) = 4*b**3 + 82*b**2 - 14*b + 143. Calculate p(-20).
1223
Let q(s) = 2809*s - 67364. What is q(24)?
52
Let o(f) = 6742*f + 6013856. What is o(-892)?
-8
Let z(r) = -164*r**2 - 2014*r - 10065. What is z(-5)?
-4095
Let y(l) = -4*l**3 + 1191*l**2 + 1498*l - 1568. What is y(299)?
-671
Let a(r) = 2*r**3 - 3*r**2 - 875*r - 297. Give a(-20).
3
Let w(y) = -101*y**2 + 511*y + 1020. Determine w(-2).
-406
Let m(a) = -a**3 - 73*a**2 - 515*a + 53. Calculate m(-8).
13
Let c(n) = 121*n**2 - 2046*n + 1. Calculate c(0).
1
Let i(w) = -20*w**3 + 53*w**2 + 143*w - 39. Give i(-3).
549
Let c(a) = 404*a - 298062. Determine c(738).
90
Let b(n) = -63*n - 1731. Calculate b(-17).
-660
Let w(j) = j**3 - j**2 + 16*j + 234. Give w(0).
234
Let i(k) = -34*k**2 + 151*k + 613. Determine i(-4).
-535
Let y(w) = -112*w - 11167. What is y(-104)?
481
Let x(r) = -r**3 + 395*r**2 + 6146*r + 1810. Give x(410).
170
Let l(a) = -34*a**2 + 145*a + 176. Calculate l(4).
212
Let p(d) = 3*d**3 + 510*d**2 - 505*d + 1307. What is p(-171)?
-61
Let o(l) = -8*l**2 - 820*l + 6635. Determine o(-110).
35
Let l(v) = 19*v**2 + 906*v - 4556. What is l(5)?
449
Let n(t) = -25*t**2 + 2485*t + 1179. What is n(100)?
-321
Let r(t) = 73*t**2 + 1626*t - 107. Determine r(-23).
1112
Let x(d) = 4734*d - 28616. What is x(6)?
-212
Let w(y) = -14*y**2 - 201*y + 2734. Calculate w(17).
-4729
Let z(f) = 6629*f - 185567. Give z(28).
45
Let s(g) = 4*g**2 - 6243*g - 115280. Determine s(1579).
-13
Let h(v) = 1019*v + 112160. Calculate h(-110).
70
Let a(x) = 2728*x + 30014. Give a(-11).
6
Let c(w) = -7*w**3 + 10135*w - 20281. Give c(2).
-67
Let g(b) = -7791*b + 7914. Give g(1).
123
Let y(i) = 4388*i - 1070668. Calculate y(244).
4
Let o(b) = -86*b - 3116. Calculate o(-39).
238
Let z(o) = o**2 + 19065*o - 1570016. Determine z(82).
38
Let m(k) = 651*k - 51969. Give m(72).
-5097
Let u(w) = 464*w - 38471. Calculate u(86).
1433
Let d(j) = -10517*j - 1083254. Calculate d(-103).
-3
Let k(v) = -751435*v - 4508703. Calculate k(-6).
-93
Let v(g) = -9633*g**2 - 38525*g - 6. Determine v(-4).
-34
Let f(c) = c**3 + 118*c**2 + 1390*c + 56105. What is f(-110)?
5
Let k(m) = 724*m + 1468. Give k(-2).
20
Let p(j) =